{"id":383,"date":"2016-07-12T16:53:54","date_gmt":"2016-07-12T14:53:54","guid":{"rendered":"http:\/\/localhost\/gez-zirkelbach\/?page_id=383"},"modified":"2024-07-10T09:44:57","modified_gmt":"2024-07-10T07:44:57","slug":"kurs_news","status":"publish","type":"page","link":"https:\/\/mediarta.de\/artists\/gez-zirkelbach\/kurs_news\/","title":{"rendered":"Kurs News"},"content":{"rendered":"<table border=\"0\" width=\"100%\" cellspacing=\"5\" cellpadding=\"5\" align=\"center\">\n<tbody>\n<tr>\n<td style=\"text-align: center; color: #ffffff; background-color: #333333; width: 25%;\"><b>2024\/2025<\/b><\/td>\n<td style=\"text-align: left; color: #ffffff; background-color: #333333; width: 73%;\">\n<p class=\"p1\"><strong><span class=\"s1\">K\u00fcnstlerisches Jahr 2024\/2025<\/span><\/strong><\/p>\n<p class=\"p1\"><span class=\"s1\">unter fachlicher Anleitung von verschiedenen Dozent*innen beinhaltet das neu k\u00fcnstlerische Jahr das Thema: \u201eKreativ sein &#8211; der Weg zum Eigenen\u201c.<\/span><\/p>\n<p class=\"p1\"><span class=\"s1\">In diesem k\u00fcnstlerischen Jahr begeben wir uns wieder auf den Weg der Kreativit\u00e4t. Kreativ sein beinhaltet mit Vergn\u00fcgen Neues zu erschaffen.&nbsp;<\/span><\/p>\n<p class=\"p1\"><span class=\"s1\">Gemeinsam mit den sechs verschiedenen Dozent*innen gehen wir das Thema von den verschiedensten Seiten an, um den eigenen Weg in der Kunst zu finden. das \u201eK\u00fcnstlerische Jahr 2024\/2025 in der VHS in Schorndorf, Infos unter:&nbsp;<a href=\"http:\/\/www.vhs-schorndorf.de\/\">http:\/\/www.vhs-schorndorf.de<\/a><\/span><\/p>\n<\/td>\n<\/tr>\n<\/tbody>\n<\/table>\n","protected":false},"excerpt":{"rendered":"<p>2024\/2025 K\u00fcnstlerisches Jahr 2024\/2025 unter fachlicher Anleitung von verschiedenen Dozent*innen beinhaltet das neu k\u00fcnstlerische Jahr das Thema: \u201eKreativ sein &#8211; der Weg zum Eigenen\u201c. In diesem<span class=\"excerpt-hellip\"> [\u2026]<\/span><\/p>\n","protected":false},"author":1,"featured_media":0,"parent":0,"menu_order":0,"comment_status":"closed","ping_status":"closed","template":"","meta":{"ngg_post_thumbnail":0,"footnotes":""},"class_list":["post-383","page","type-page","status-publish","hentry"],"_links":{"self":[{"href":"https:\/\/mediarta.de\/artists\/gez-zirkelbach\/wp-json\/wp\/v2\/pages\/383","targetHints":{"allow":["GET"]}}],"collection":[{"href":"https:\/\/mediarta.de\/artists\/gez-zirkelbach\/wp-json\/wp\/v2\/pages"}],"about":[{"href":"https:\/\/mediarta.de\/artists\/gez-zirkelbach\/wp-json\/wp\/v2\/types\/page"}],"author":[{"embeddable":true,"href":"https:\/\/mediarta.de\/artists\/gez-zirkelbach\/wp-json\/wp\/v2\/users\/1"}],"replies":[{"embeddable":true,"href":"https:\/\/mediarta.de\/artists\/gez-zirkelbach\/wp-json\/wp\/v2\/comments?post=383"}],"version-history":[{"count":17,"href":"https:\/\/mediarta.de\/artists\/gez-zirkelbach\/wp-json\/wp\/v2\/pages\/383\/revisions"}],"predecessor-version":[{"id":1266,"href":"https:\/\/mediarta.de\/artists\/gez-zirkelbach\/wp-json\/wp\/v2\/pages\/383\/revisions\/1266"}],"wp:attachment":[{"href":"https:\/\/mediarta.de\/artists\/gez-zirkelbach\/wp-json\/wp\/v2\/media?parent=383"}],"curies":[{"name":"wp","href":"https:\/\/api.w.org\/{rel}","templated":true}]}}